git of 26678741?
1
What is the hundreds digit of 1856300?
3
What is the units digit of 7176165?
5
What is the ten millions digit of 16913671?
1
What is the units digit of 1854429?
9
What is the tens digit of 26454012?
1
What is the thousands digit of 906897?
6
What is the thousands digit of 645204?
5
What is the ten millions digit of 18326012?
1
What is the hundred thousands digit of 104942?
1
What is the units digit of 13511601?
1
What is the ten thousands digit of 1011934?
1
What is the units digit of 2363428?
8
What is the tens digit of 263510?
1
What is the hundred thousands digit of 1396908?
3
What is the tens digit of 4493372?
7
What is the tens digit of 413225?
2
What is the hundreds digit of 139298?
2
What is the ten thousands digit of 204232?
0
What is the units digit of 47916?
6
What is the hundred thousands digit of 3827490?
8
What is the hundred thousands digit of 317116?
3
What is the ten thousands digit of 1683928?
8
What is the hundreds digit of 17643697?
6
What is the tens digit of 9806435?
3
What is the thousands digit of 1023624?
3
What is the thousands digit of 1091868?
1
What is the hundreds digit of 7661181?
1
What is the units digit of 20828775?
5
What is the ten thousands digit of 7426718?
2
What is the ten thousands digit of 806630?
0
What is the ten thousands digit of 673552?
7
What is the millions digit of 2567085?
2
What is the hundreds digit of 354379?
3
What is the thousands digit of 339278?
9
What is the thousands digit of 9161742?
1
What is the thousands digit of 97235?
7
What is the hundred thousands digit of 2191331?
1
What is the hundreds digit of 167776?
7
What is the hundred thousands digit of 130654?
1
What is the thousands digit of 109817?
9
What is the thousands digit of 388339?
8
What is the units digit of 828722?
2
What is the ten thousands digit of 3625415?
2
What is the units digit of 241893?
3
What is the ten thousands digit of 10915431?
1
What is the tens digit of 148400?
0
What is the units digit of 244353?
3
What is the units digit of 4292051?
1
What is the ten thousands digit of 1331863?
3
What is the hundreds digit of 92871?
8
What is the hundreds digit of 3557883?
8
What is the millions digit of 1724570?
1
What is the hundreds digit of 4075459?
4
What is the hundreds digit of 1752819?
8
What is the units digit of 586439?
9
What is the hundred thousands digit of 307396?
3
What is the hundreds digit of 3492764?
7
What is the units digit of 24269468?
8
What is the hundred thousands digit of 8178777?
1
What is the millions digit of 28522624?
8
What is the units digit of 232235?
5
What is the ten thousands digit of 586323?
8
What is the ten thousands digit of 6271323?
7
What is the hundreds digit of 1481668?
6
What is the millions digit of 2061419?
2
What is the hundred thousands digit of 143758?
1
What is the thousands digit of 325655?
5
What is the thousands digit of 102330?
2
What is the ten thousands digit of 555951?
5
What is the millions digit of 10827923?
0
What is the hundreds digit of 803932?
9
What is the ten thousands digit of 3140790?
4
What is the hundred thousands digit of 5766339?
7
What is the hundred thousands digit of 325047?
3
What is the units digit of 31734?
4
What is the tens digit of 7409705?
0
What is the hundreds digit of 6597798?
7
What is the hundreds digit of 546504?
5
What is the thousands digit of 4812567?
2
What is the ten thousands digit of 22383209?
8
What is the hundred thousands digit of 150918?
1
What is the hundred thousands digit of 21569889?
5
What is the hundreds digit of 345868?
8
What is the tens digit of 246448?
4
What is the units digit of 6316282?
2
What is the thousands digit of 372532?
2
What is the ten thousands digit of 1079960?
7
What is the units digit of 22114742?
2
What is the thousands digit of 7584837?
4
What is the thousands digit of 21117?
1
What is the thousands digit of 6617350?
7
What is the ten millions digit of 13534686?
1
What is the thousands digit of 9076?
9
What is the hundreds digit of 4018?
0
What is the hundreds digit of 3277358?
3
What is the ten thousands digit of 1278005?
7
What is the hundreds digit of 7656216?
2
What is the hundreds digit of 179467?
4
What is the ten thousands digit of 417478?
1
What is the hundred thousands digit of 848006?
8
What is the units digit of 2901848?
8
What is the hundred thousands digit of 1948464?
9
What is the hundred thousands digit of 1417908?
4
What is the hundreds digit of 1802445?
4
What is the millions digit of 10183314?
0
What is the millions digit of 2894500?
2
What is the ten thousands digit of 907208?
0
What is the units digit of 1022966?
6
What is the ten thousands digit of 198013?
9
What is the tens digit of 27689195?
9
What is the tens digit of 5990473?
7
What is the thousands digit of 286128?
6
What is the units digit of 1115452?
2
What is the units digit of 750014?
4
What is the hundreds digit of 4637134?
1
What is the ten thousands digit of 1105899?
0
What is the units digit of 9217750?
0
What is the thousands digit of 191225?
1
What is the hundreds digit of 72540?
5
What is the ten thousands digit of 1895432?
9
What is the hundred thousands digit of 767046?
7
What is the units digit of 1080558?
8
What is the ten thousands digit of 24424590?
2
What is the units digit of 3062626?
6
What is the units digit of 1702918?
8
What is the hundreds digit of 17786154?
1
What is the ten thousands digit of 297938?
9
What is the thousands digit of 1935119?
5
What is the millions digit of 6435365?
6
What is the millions digit of 18891535?
8
What is the millions digit of 1495529?
1
What is the tens digit of 252138?
3
What is the hundred thousands digit of 356974?
3
What is the ten millions digit of 22359274?
2
What is the thousands digit of 660380?
0
What is the thousands digit of 670831?
0
What is the thousands digit of 4964638?
4
What is the tens digit of 214730?
3
What is the thousands digit of 6211149?
1
What is the hundreds digit of 185811?
8
What is the units digit of 4349336?
6
What is the thousands digit of 27077?
7
What is the tens digit of 4825213?
1
What is the hundreds digit of 559107?
1
What is the ten thousands digit of 45126?
4
What is the hundreds digit of 13024?
0
What is the tens digit of 177130?
3
What is the thousands digit of 4100994?
0
What is the ten thousands digit of 139751?
3
What is the hundreds digit of 141983?
9
What is the units digit of 1835227?
7
What is the tens digit of 435814?
1
What is the ten thousands digit of 219354?
1
What is the ten millions digit of 11317071?
1
What is the ten thousands digit of 101606?
0
What is the millions digit of 27333214?
7
What is the hundreds digit of 701539?
5
What is the hundred thousands digit of 1659925?
6
What is the ten thousands digit of 9604587?
0
What is the ten thousands digit of 4325405?
2
What is the hundred thousands digit of 9597630?
5
What is the units digit of 257847?
7
What is the ten thousands digit of 207559?
0
What is the units digit of 18026721?
1
What is the thousands digit of 325941?
5
What is the hundreds digit of 319076?
0
What is the tens digit of 14289639?
3
What is the thousands digit of 7724145?
4
What is the hundreds digit of 1115624?
6
What is the hundred thousands digit of 2794434?
7
What is the hundred thousands digit of 468812?
4
What is the hundreds digit of 295168?
1
What is the ten thousands digit of 27591?
2
What is the hundred thousands digit of 163292?
1
What is the ten thousands digit of 228058?
2
What is the thousands digit of 62284?
2
What is the hundreds digit of 207686?
6
What is the millions digit of 3252026?
3
What is the hundred thousands digit of 448794?
4
What is the units digit of 466374?
4
What is the ten thousands digit of 161062?
6
What is the tens digit of 1555428?
2
What is the hundreds digit of 23964745?
7
What is the tens digit of 3724110?
1
What is the tens digit of 967272?
7
What is the millions digit of 2287219?
2
What is the units digit of 213574?
4
What is the hundreds digit of 6678155?
1
What is the ten thousands digit of 437508?
3
What is the units digit of 105649?
9
What is the ten thousands digit of 1091804?
9
What is the hundred thousands digit of 3803432?
8
What is the ten thousands digit of 792178?
9
What is the millions digit of 2293570?
2
What is the uni